 473.
43
What is the highest common divisor of 13972 and 84?
28
Calculate the greatest common divisor of 15180 and 1920.
60
What is the greatest common divisor of 150 and 241350?
150
What is the highest common factor of 1625 and 4000?
125
Calculate the greatest common factor of 503018 and 4.
2
What is the greatest common factor of 13 and 8840?
13
What is the highest common factor of 1161 and 426603?
129
Calculate the highest common divisor of 198 and 2464.
22
Calculate the highest common divisor of 203736 and 3900.
156
Calculate the highest common divisor of 20790 and 41490.
90
Calculate the greatest common divisor of 2992 and 10.
2
Calculate the highest common divisor of 3351 and 1127053.
1117
What is the highest common divisor of 5719 and 15953?
301
What is the highest common factor of 26389 and 286?
11
Calculate the greatest common factor of 621 and 4209.
69
Calculate the highest common factor of 17 and 1517488.
17
What is the highest common divisor of 176949 and 9?
9
Calculate the greatest common divisor of 12266 and 2.
2
Calculate the highest common factor of 17922 and 21012.
618
What is the greatest common divisor of 1329960 and 600?
120
Calculate the greatest common divisor of 1448 and 70.
2
Calculate the highest common factor of 5390 and 7370.
110
What is the highest common divisor of 714 and 58701?
51
What is the greatest common factor of 107082 and 243?
81
What is the greatest common factor of 97470 and 270?
270
What is the highest common divisor of 7 and 5125988?
7
What is the greatest common factor of 14 and 1450?
2
Calculate the highest common factor of 1827 and 240729.
87
What is the highest common factor of 15529 and 265?
53
What is the highest common divisor of 101370 and 4030?
310
Calculate the greatest common divisor of 25992 and 372.
12
What is the highest common divisor of 165 and 451?
11
What is the greatest common factor of 106326 and 3?
3
Calculate the greatest common divisor of 30 and 253545.
15
Calculate the highest common divisor of 17057 and 4610.
461
What is the highest common divisor of 12 and 303456?
12
Calculate the greatest common factor of 2288132 and 44.
44
What is the greatest common factor of 180277 and 41?
41
Calculate the highest common divisor of 6392 and 27064.
136
What is the highest common factor of 26282 and 170?
34
What is the greatest common factor of 94 and 4508428?
94
What is the highest common factor of 14 and 29376102?
14
Calculate the greatest common factor of 31621 and 2149.
307
What is the greatest common divisor of 537446 and 182?
182
Calculate the highest common divisor of 60 and 206664.
12
Calculate the highest common divisor of 110 and 99385.
55
What is the greatest common factor of 64 and 101216?
32
Calculate the highest common factor of 1995253 and 403.
403
Calculate the greatest common divisor of 25595 and 20.
5
Calculate the highest common divisor of 33663 and 50151.
687
Calculate the highest common divisor of 27319 and 204.
17
Calculate the highest common factor of 208008 and 8.
8
Calculate the greatest common factor of 121900 and 30820.
460
What is the greatest common factor of 16 and 1503532?
4
Calculate the highest common factor of 11070 and 5904.
738
What is the greatest common divisor of 1886 and 4692?
46
What is the greatest common factor of 113061 and 3549?
507
What is the greatest common factor of 21528 and 144?
72
Calculate the greatest common divisor of 559 and 27950.
559
Calculate the highest common divisor of 2574 and 3375.
9
What is the greatest common divisor of 36468 and 36?
36
Calculate the highest common factor of 12090 and 117.
39
Calculate the greatest common factor of 89921 and 65.
13
What is the highest common factor of 75 and 55260?
15
What is the highest common factor of 67269 and 765?
51
What is the highest common divisor of 18069 and 17385?
57
What is the greatest common factor of 2050 and 11480?
410
Calculate the highest common factor of 897243 and 438.
219
Calculate the highest common divisor of 2288 and 1108624.
176
What is the greatest common divisor of 8 and 14327?
1
What is the highest common divisor of 247574 and 8?
2
Calculate the greatest common factor of 340 and 701930.
170
Calculate the highest common divisor of 335 and 82343.
67
Calculate the highest common divisor of 2018 and 1918109.
1009
Calculate the highest common divisor of 372 and 672.
12
Calculate the greatest common factor of 8170 and 172.
86
What is the highest common divisor of 203 and 11687?
29
What is the greatest common divisor of 210 and 45703?
7
What is the highest common factor of 485387 and 7?
7
Calculate the greatest common divisor of 729 and 225.
9
What is the greatest common factor of 356 and 1988?
4
What is the greatest common factor of 10086856 and 104?
104
What is the greatest common divisor of 1152 and 495?
9
Calculate the highest common divisor of 187812 and 7326.
666
What is the highest common divisor of 64490 and 20?
10
Calculate the greatest common factor of 7784 and 207424.
56
What is the highest common divisor of 108 and 828819?
27
Calculate the greatest common factor of 23270 and 1846.
26
Calculate the highest common factor of 1316 and 10763.
47
Calculate the highest common divisor of 41096 and 968.
88
What is the greatest common divisor of 24 and 2178996?
12
What is the highest common divisor of 134402 and 6566?
134
Calculate the highest common divisor of 108 and 428688.
36
What is the highest common divisor of 26 and 2280226?
26
What is the highest common factor of 12 and 41548?
4
What is the highest common divisor of 174 and 87870?
174
What is the highest common factor of 201 and 446421?
201
What is the greatest common factor of 668610 and 437?
437
What is the highest common factor of 564800 and 75?
25
What is the highest common factor of 782396 and 32?
4
What is the highest common divisor of 400 and 122560?
80
What is the greatest common divisor of 21160 and 713?
23
What is the highest common factor of 84 and 1252314?
42
What is the greatest common factor of 1054 and 2666?
62
What is the greatest common factor of 352 and 10516?
44
What is the greatest common factor of 224640 and 7056?
144
Calculate the highest common factor of 30 and 1283390.
10
What is the greatest common factor of 494 and 482638?
494
Calculate the greatest common factor of 7 and 1697143.
7
What is the highest common factor of 32 and 2924?
4
Calculate the highest common divisor of 2935 and 56939.
587
Calculate the greatest common divisor of 2898742 and 33.
11
Calculate the greatest common factor of 173202 and 174.
6
Calculate the highest common factor of 348 and 183570.
174
What is the highest common divisor of 15226 and 184?
46
Calculate the highest common divisor of 972081 and 5346.
891
Calculate the highest common divisor of 468 and 85761.
117
What is the greatest common factor of 8351 and 1498?
7
Calculate the greatest common factor of 19406 and 6014.
62
What is the highest common divisor of 8550 and 154350?
450
What is the greatest common divisor of 303 and 173013?
303
What is the highest common factor of 490 and 39886?
98
Calculate the highest common factor of 165197 and 2563.
233
Calculate the greatest common divisor of 25876 and 16.
4
Calculate the highest common divisor of 34770 and 122610.
1830
What is the greatest common divisor of 18740 and 12?
4
What is the greatest common factor of 48719 and 309?
103
Calculate the greatest common factor of 99 and 2981.
11
Calculate the highest common factor of 12509 and 1308084.
1787
What is the highest common factor of 3972 and 6768?
12
Calculate the greatest common factor of 1496 and 440.
88
Calculate the highest common divisor of 1076 and 7670266.
538
Calculate the highest common divisor of 19580131 and 1087.
1087
What is the highest common divisor of 56 and 323708?
28
What is the greatest common factor of 24414 and 650?
26
What is the greatest common divisor of 3039750 and 30?
30
What is the greatest common divisor of 1108080 and 144?
144
Calculate the highest common divisor of 1730 and 5280.
10
Calculate the greatest common divisor of 1276 and 69124.
44
Calculate the highest common factor of 45 and 10245.
15
What is the greatest common divisor of 800148 and 2096?
524
Calculate the highest common factor of 115 and 355.
5
What is the great